+ h. Let i(b) = 10*b**2 + 9*b - 6. List the prime factors of i(m).
3, 37
Let u(z) = -z - 12*z**3 + 28*z**3 - 21*z**3 - 2*z**2 + 8. What are the prime factors of u(-4)?
2, 3, 5
Suppose 49*g - 53276 + 258 = 0. What are the prime factors of g?
2, 541
Let c(d) = -18*d - 8. Let s(x) = 1. Let i(m) = -c(m) + 3*s(m). List the prime factors of i(7).
137
List the prime factors of ((-108)/8 + 1*-4)*-548.
2, 5, 7, 137
Let w(x) be the first derivative of 11*x**2 - 28*x - 5. Let k be (-7 - -15)*(-2 + (-33)/(-12)). What are the prime factors of w(k)?
2, 13
Let j = 696 - 420. Let z = j - 36. Suppose -z = -2*a - y, -3*a + y = -2*y - 351. What are the prime factors of a?
7, 17
Suppose 0 = 13*w - 20*w + 21. What are the prime factors of 1197/(-7)*(2/(-1) - w)?
3, 5, 19
Let k = -490 + -586. Let t = k - -1593. What are the prime factors of t?
11, 47
Let w(c) = 7*c**3 - 29*c**2 - 28*c + 25. List the prime factors of w(9).
7, 19
What are the prime factors of (3365 - 39)/((-2)/(-4))?
2, 1663
Suppose 117 + 54 = w. Suppose n + 2*n = w. List the prime factors of n.
3, 19
Let s(y) = 1166*y - 1364. List the prime factors of s(3).
2, 11, 97
Let t be 49/(-21) + 328/(-6). Let w = 743 - t. List the prime factors of w.
2, 5
Let b be -4 + 2 + (0 - -2). Let i be (18 - 19) + (3 - b). Suppose -3*r - i*k + 0*k + 8 = 0, -k = 3*r - 13. List the prime factors of r.
2, 3
Let n be 2/(-7) + 105773/133. Suppose -5*h = -5*o - n, -2*o - 3*o = h - 177. What are the prime factors of h?
2, 3
Let l(r) be the first derivative of -r**4/4 + 13*r**3/3 + 17*r**2/2 - 28*r + 12. Let c be l(14). Let j = c - -58. List the prime factors of j.
2, 3
Let z = 28 - 24. Let p be (-5 + 63)*(-2 + z). Suppose m + m = p. What are the prime factors of m?
2, 29
What are the prime factors of ((1*15964)/(-2))/((-157)/314)?
2, 13, 307
Let c(a) = 2*a**3 + 22*a**2 + 4*a - 16. Let n be c(-6). Let h = n - -22. Suppose 4*g + 0*z - h = -z, -3*g - 5*z = -265. List the prime factors of g.
5, 17
List the prime factors of 5624/2*15*4/(9 + 11).
2, 3, 19, 37
Suppose 3*q = -5*w + 25325, -2*w + 21*q = w - 15195. What are the prime factors of w?
5, 1013
Let n(s) = 50*s + 75. Let z be n(25). Let d = -717 + z. What are the prime factors of d?
2, 19
Let p(g) = -9794*g**3 - 2*g**2 + 65*g + 66. List the prime factors of p(-1).
7, 1399
Suppose 1943*x - 1902*x - 1148779 = 0. What are the prime factors of x?
28019
Suppose 42*a + 114 = 44*a. Suppose a = 7*f + 267. What are the prime factors of (12/f)/(742/(-370) + 2)?
2, 37
Let w = 1457 + -502. Let v = w - 565. List the prime factors of v.
2, 3, 5, 13
Let h(x) = -x**3 + 2*x**2 + 2*x + 218. Suppose 0 = -84*j + 76*j. List the prime factors of h(j).
2, 109
Let a be (1 + 0 + (-2 - -2))*3. Suppose -a*p - 1 = 8. List the prime factors of -16*(-4 - (3/(-2))/p).
2, 3
Let s(o) = 44*o**2 + 19*o - 60. Let t be 36/6 - 1*(-9)/(-3). List the prime factors of s(t).
3, 131
Let i(s) = -2*s**2 + 18*s + 5. Let u be i(-8). Let t = u - -507. List the prime factors of t.
2, 3, 5
Let k be 4/(-2 - 30/(-9)). Let f be 72/(-9)*(k/(-2))/(-3). Let t = f - -71. What are the prime factors of t?
67
Let o(h) = -2*h - 28. Let j(y) = y + 1. Let p(k) = 5*j(k) - o(k). Let q be p(-6). Let l(s) = s**3 + 9*s**2 - 6*s - 21. What are the prime factors of l(q)?
3, 11
Suppose 10*n = -2*n + 48. Suppose -19 = -n*o - q, -o + 3*o + 4*q - 20 = 0. Suppose -5*l + 73 = -0*k + 3*k, -82 = -o*k + l. What are the prime factors of k?
3, 7
Let o be 16*((-4 - 22/(-4)) + 20). Suppose -49*a + o = -45*a. List the prime factors of a.
2, 43
Let f(b) = b**3 - 63*b**2 + 97*b + 237. What are the prime factors of f(73)?
2, 947
List the prime factors of (-2191)/(-21)*((-5760)/8)/(-8).
2, 3, 5, 313
Suppose -4*r + 84 = -4*o, -2*r + 2 = 3*o - 50. Suppose 2*v = -19 + r. Suppose -5*l = -v*b + 500, -13 + 5 = 2*l. What are the prime factors of b?
2, 3, 5
Let d be (-783 - -2) + (2 - 7). Let a be (19/(-57))/((-2)/d). Let k = 224 + a. List the prime factors of k.
3, 31
Let p(n) be the first derivative of 4*n + 19 + 1/2*n**2. What are the prime factors of p(10)?
2, 7
Let q be 24/228 + (-2676995)/(-95) + 3. Suppose 4*n + q = 26*n. List the prime factors of n.
3, 7, 61
Suppose -4*n = -3*n - 16. Suppose a = 4*a + 2*f - 17, -3*a + n = f. Suppose -4*z + 2*d + 102 = -0*d, -5*z = -a*d - 140. What are the prime factors of z?
23
Let g = 28 - -241. List the prime factors of g.
269
Suppose 8*p + 80280 = 128*p. List the prime factors of p.
3, 223
Suppose -3*i = q + 15, -45 = 4*i + i - 5*q. List the prime factors of (4/i)/(7 + (-36250)/5178).
863
Let b = 44207 + -17309. List the prime factors of b.
2, 3, 4483
Let v(g) be the second derivative of 25*g**4/6 - g**3/3 + 2*g**2 - 9*g - 1. What are the prime factors of v(-2)?
2, 13
Suppose -8*l = -v - 317457 + 115914, -4*l + 100767 = -5*v. What are the prime factors of l?
7, 59, 61
Suppose -4*w - 28 = 0, -4*w + 183641 = 4*b - 7*w. List the prime factors of b.
5, 9181
Suppose 0 = -5*x - 273 + 1208. Let b(t) = 10*t**3 + 2*t**2. Let q be b(-2). Let r = q + x. List the prime factors of r.
5, 23
List the prime factors of (38022/(-21))/(9 + -14 - (-68)/14).
2, 6337
Let h = -3266 + 7767. What are the prime factors of (-44)/(-154)*h/2?
643
Let u be (-18)/(-3)*(3 - 15/3). Let a(y) = y**3 + 11*y**2 - 13*y - 11. Let p be a(u). List the prime factors of 157*(p - 0*(-4)/12).
157
Let s(d) = -d**3 - 11*d**2 + 3*d + 28. Let t(k) = -6*k**2 + 2*k + 15. Let l(w) = -3*s(w) + 5*t(w). List the prime factors of l(4).
5, 47
Let j(c) = 2*c**2 + 24*c + 4. Let o be j(-10). Suppose -2*x - 618 = -3*z + 2*x, -x - 618 = -3*z. Let h = z + o. List the prime factors of h.
2, 5, 17
Suppose 10*d - 95279 = -27259. List the prime factors of d.
2, 19, 179
Suppose 4240 + 1003 = 5*m - 1222. List the prime factors of m.
3, 431
Let c(p) = 2 + 30 + 24 - 26 + 390*p. What are the prime factors of c(2)?
2, 3, 5
Suppose -4*k + 20 = u, 4*u - 5 = u - k. Let m(n) = n**3 + 4*n**2 + 2*n + 272. List the prime factors of m(u).
2, 17
Let x = 73134 - 39466. List the prime factors of x.
2, 19, 443
What are the prime factors of -9320*(-4 - ((-6)/(-10))/(105/(-490)))?
2, 3, 233
Let x(h) = 3*h**3 - 165*h**2 + 76*h + 99. List the prime factors of x(56).
13763
Let i(d) = 8*d - 71. Suppose 26*g = -314 + 1224. What are the prime factors of i(g)?
11, 19
List the prime factors of 22/(-3)*((-90)/195 + (-21945)/26).
11, 563
Let d be 300/((-3)/(-13)*20/40). Suppose -134*r - d = -139*r. What are the prime factors of r?
2, 5, 13
Let l = -86499 - -137254. What are the prime factors of l?
5, 10151
Let x(l) be the second derivative of -l**5/20 + 2*l**4 + 25*l**3/6 + 17*l**2 + 97*l. What are the prime factors of x(25)?
2, 17
Suppose -33*p - 2698 = -134*p + 4731576. What are the prime factors of p?
2, 23, 1019
Let y be 20/80 + (-374)/(-16)*2. Let n = 144 - y. Let b = -19 + n. List the prime factors of b.
2, 3, 13
Let y(v) = -114*v**3 - 3*v**2 - 14*v - 21. What are the prime factors of y(-4)?
7283
Let r(u) = 2*u**3 + u**2 - 1. Let o(k) = k**3 + 8*k**2 - 4*k - 9. Let c be o(-8). Let n = c - 22. What are the prime factors of r(n)?
2
Let f = -415 - -430. What are the prime factors of ((-2)/f*6)/(3/(-195))?
2, 13
Let c = -257 + 311. List the prime factors of ((-12780)/c)/((-2)/3).
5, 71
Suppose 0 = -4*w - 3*l + 165, 0 = -2*l + 4 - 14. Suppose 43*x = w*x - 2800. What are the prime factors of x?
2, 5, 7
Suppose 333*f - 336*f + 3*r = -52041, -3*r = 9. What are the prime factors of f?
2, 271
Suppose -92*o - 22780 = -q - 89*o, 113872 = 5*q - o. List the prime factors of q.
2, 59, 193
Suppose -3*x + 15 = 2*k, -3*k - 2*x + 3*x = -6. Suppose k*r + 2*m = -0*m - 443, 0 = 5*r - 3*m + 770. Let l = r + 302. What are the prime factors of l?
151
Suppose 10*h + m - 384177 = 0, -27*h + 26*h + 38438 = 3*m. What are the prime factors of h?
41, 937
Let k = 417 + -1001. Let p = 999 + k. Suppose p = 5*q + 5*b, -b - 1 = 3. What are the prime factors of q?
3, 29
Let s(n) = n**3 + 70*n**2 - 83*n - 1925. List the prime factors of s(-67).
3, 5701
Let w = 2653 + -1402. Let i = -595 + w. What are the prime factors of i?
2, 41
Suppose -s + 4*w = -9, -4*s = 4*w + 14 + 10. Suppose -2*v + 5 = -1, -3*a + 5*v = -441. List the prime factors of (-50)/30 - a/s.
7
Let y(v) = 2*v**3 + 16*v**2 - 21*v - 8. Let f be y(-9). Suppose -2*g - 128 = -2*z, -f = -3